 is divided by 27.
26
Calculate the remainder when 2173 is divided by 10.
3
Calculate the remainder when 663 is divided by 145.
83
What is the remainder when 4310 is divided by 98?
96
Calculate the remainder when 356 is divided by 121.
114
What is the remainder when 43 is divided by 2?
1
What is the remainder when 74 is divided by 28?
18
What is the remainder when 2873 is divided by 25?
23
What is the remainder when 656 is divided by 22?
18
Calculate the remainder when 365 is divided by 90.
5
What is the remainder when 1960 is divided by 151?
148
What is the remainder when 553 is divided by 50?
3
What is the remainder when 592 is divided by 105?
67
What is the remainder when 301 is divided by 17?
12
Calculate the remainder when 9 is divided by 9.
0
What is the remainder when 426 is divided by 396?
30
Calculate the remainder when 699 is divided by 50.
49
Calculate the remainder when 90 is divided by 33.
24
Calculate the remainder when 151 is divided by 17.
15
Calculate the remainder when 1418 is divided by 33.
32
What is the remainder when 919 is divided by 84?
79
Calculate the remainder when 253 is divided by 34.
15
What is the remainder when 368 is divided by 14?
4
Calculate the remainder when 228 is divided by 224.
4
Calculate the remainder when 118 is divided by 34.
16
What is the remainder when 246 is divided by 21?
15
Calculate the remainder when 25 is divided by 13.
12
What is the remainder when 332 is divided by 56?
52
What is the remainder when 5444 is divided by 273?
257
What is the remainder when 2208 is divided by 64?
32
What is the remainder when 247 is divided by 70?
37
What is the remainder when 224 is divided by 19?
15
What is the remainder when 756 is divided by 23?
20
Calculate the remainder when 187 is divided by 67.
53
What is the remainder when 1737 is divided by 12?
9
What is the remainder when 14670 is divided by 16?
14
Calculate the remainder when 90 is divided by 35.
20
Calculate the remainder when 447 is divided by 119.
90
What is the remainder when 1291 is divided by 69?
49
Calculate the remainder when 333 is divided by 38.
29
What is the remainder when 14373 is divided by 182?
177
Calculate the remainder when 3008 is divided by 43.
41
Calculate the remainder when 1951 is divided by 16.
15
What is the remainder when 983 is divided by 190?
33
Calculate the remainder when 1259 is divided by 593.
73
What is the remainder when 425 is divided by 13?
9
Calculate the remainder when 76 is divided by 3.
1
What is the remainder when 453 is divided by 114?
111
What is the remainder when 17410 is divided by 215?
210
What is the remainder when 440 is divided by 70?
20
Calculate the remainder when 200 is divided by 16.
8
What is the remainder when 267 is divided by 16?
11
Calculate the remainder when 276 is divided by 28.
24
What is the remainder when 430 is divided by 14?
10
What is the remainder when 3358 is divided by 105?
103
What is the remainder when 106 is divided by 33?
7
What is the remainder when 127 is divided by 89?
38
Calculate the remainder when 183 is divided by 47.
42
Calculate the remainder when 137 is divided by 47.
43
What is the remainder when 4117 is divided by 172?
161
Calculate the remainder when 1916 is divided by 113.
108
Calculate the remainder when 464 is divided by 35.
9
Calculate the remainder when 487 is divided by 70.
67
Calculate the remainder when 259 is divided by 13.
12
Calculate the remainder when 609 is divided by 201.
6
Calculate the remainder when 357 is divided by 21.
0
What is the remainder when 1952 is divided by 9?
8
What is the remainder when 407 is divided by 203?
1
What is the remainder when 210 is divided by 15?
0
Calculate the remainder when 532 is divided by 103.
17
Calculate the remainder when 622 is divided by 199.
25
What is the remainder when 186 is divided by 21?
18
Calculate the remainder when 16 is divided by 4.
0
What is the remainder when 1791 is divided by 150?
141
What is the remainder when 246 is divided by 31?
29
Calculate the remainder when 124 is divided by 67.
57
Calculate the remainder when 125 is divided by 109.
16
What is the remainder when 178 is divided by 64?
50
Calculate the remainder when 979 is divided by 5.
4
Calculate the remainder when 1096 is divided by 9.
7
Calculate the remainder when 75 is divided by 21.
12
Calculate the remainder when 169 is divided by 30.
19
What is the remainder when 109 is divided by 22?
21
Calculate the remainder when 11 is divided by 10.
1
Calculate the remainder when 703 is divided by 64.
63
Calculate the remainder when 39 is divided by 18.
3
What is the remainder when 54305 is divided by 63?
62
What is the remainder when 11690 is divided by 300?
290
Calculate the remainder when 93 is divided by 52.
41
Calculate the remainder when 330 is divided by 50.
30
Calculate the remainder when 244 is divided by 19.
16
Calculate the remainder when 1222 is divided by 5.
2
What is the remainder when 3516 is divided by 220?
216
Calculate the remainder when 7493 is divided by 15.
8
What is the remainder when 3926 is divided by 245?
6
Calculate the remainder when 9206 is divided by 33.
32
Calculate the remainder when 624 is divided by 176.
96
What is the remainder when 116 is divided by 60?
56
What is the remainder when 24899 is divided by 83?
82
Calculate the remainder when 155 is divided by 74.
7
Calculate the remainder when 469 is divided by 451.
18
What is the remainder when 100 is divided by 16?
4
What is the remainder when 39 is divided by 14?
11
Calculate the remainder when 142 is divided by 26.
12
Calculate the remainder when 105 is divided by 11.
6
Calculate the remainder when 130 is divided by 33.
31
What is the remainder when 96 is divided by 87?
9
What is the remainder when 11498 is divided by 125?
123
Calculate the remainder when 330 is divided by 183.
147
Calculate the remainder when 190 is divided by 25.
15
Calculate the remainder when 1533 is divided by 333.
201
Calculate the remainder when 1787 is divided by 9.
5
What is the remainder when 1564 is divided by 157?
151
Calculate the remainder when 112 is divided by 29.
25
What is the remainder when 383 is divided by 55?
53
What is the remainder when 394 is divided by 131?
1
Calculate the remainder when 1323 is divided by 25.
23
What is the remainder when 116 is divided by 30?
26
Calculate the remainder when 2879 is divided by 22.
19
What is the remainder when 5526 is divided by 97?
94
Calculate the remainder when 687 is divided by 16.
15
What is the remainder when 821 is divided by 137?
136
What is the remainder when 300 is divided by 44?
36
What is the remainder when 2045 is divided by 19?
12
Calculate the remainder when 71 is divided by 20.
11
What is the remainder when 438 is divided by 88?
86
Calculate the remainder when 226 is divided by 28.
2
What is the remainder when 413 is divided by 13?
10
What is the remainder when 1641 is divided by 75?
66
Calculate the remainder when 303 is divided by 51.
48
Calculate the remainder when 2358 is divided by 46.
12
Calculate the remainder when 50 is divided by 3.
2
Calculate the remainder when 381 is divided by 64.
61
Calculate the remainder when 194 is divided by 45.
14
What is the remainder when 3256 is divided by 19?
7
Calculate the remainder when 46 is divided by 25.
21
What is the remainder when 519 is divided by 150?
69
What is the remainder when 169 is divided by 54?
7
Calculate the remainder when 262 is divided by 54.
46
What is the remainder when 1469 is divided by 44?
17
What is the remainder when 26 is divided by 25?
1
Calculate the remainder when 284 is divided by 95.
94
What is the remainder when 448 is divided by 13?
6
Calculate the remainder when 1730 is divided by 1721.
9
Calculate the remainder when 4166 is divided by 30.
26
What is the remainder when 389 is divided by 19?
9
What is the remainder when 2095 is divided by 93?
49
What is the remainder when 86 is divided by 48?
38
Calculate the remainder when 2888 is divided by 100.
88
Calculate the remainder when 1384 is divided by 107.
100
Calculate the remainder when 1227 is divided by 304.
11
What is the remainder when 184 is divided by 37?
36
Calculate the remainder when 545 is divided by 5.
0
Calculate the remainder when 271 is divided by 29.
10
Calculate the rem